vert 213 (base 4) to base 16.
27
-1 (base 16) to base 8
-1
What is -1 (base 15) in base 7?
-1
-87 (base 9) to base 8
-117
Convert -2c (base 14) to base 7.
-55
-18 (base 16) to base 13
-1b
-11 (base 5) to base 10
-6
2 (base 15) to base 11
2
What is 336 (base 10) in base 14?
1a0
What is -22 (base 5) in base 9?
-13
What is -33 (base 7) in base 8?
-30
What is 20 (base 9) in base 15?
13
Convert -23 (base 15) to base 7.
-45
-110 (base 5) to base 10
-30
-2 (base 7) to base 2
-10
2 (base 8) to base 9
2
Convert -1 (base 8) to base 10.
-1
What is 45 (base 14) in base 6?
141
What is -51 (base 6) in base 11?
-29
What is 1010001 (base 2) in base 16?
51
What is -112 (base 4) in base 3?
-211
What is 3 (base 16) in base 5?
3
-121 (base 4) to base 3
-221
Convert -214 (base 6) to base 9.
-101
What is 3 (base 9) in base 6?
3
What is -6b (base 14) in base 3?
-10112
Convert -8 (base 13) to base 12.
-8
What is -3 (base 12) in base 11?
-3
4 (base 12) to base 14
4
-12 (base 3) to base 2
-101
What is 220 (base 5) in base 2?
111100
8 (base 14) to base 9
8
3213 (base 4) to base 10
231
224 (base 10) to base 7
440
Convert 2340 (base 5) to base 6.
1333
-1 (base 6) to base 16
-1
Convert 38 (base 11) to base 6.
105
1000 (base 3) to base 10
27
3 (base 12) to base 11
3
What is -4 (base 10) in base 14?
-4
-3 (base 6) to base 8
-3
What is 62 (base 7) in base 16?
2c
Convert 8 (base 11) to base 15.
8
Convert 0 (base 2) to base 15.
0
Convert 1332 (base 4) to base 14.
90
Convert 0 (base 12) to base 10.
0
What is 39 (base 15) in base 16?
36
Convert -4 (base 10) to base 13.
-4
-16 (base 15) to base 14
-17
-1e (base 16) to base 3
-1010
What is -110 (base 2) in base 5?
-11
What is 6 (base 7) in base 11?
6
Convert 8 (base 15) to base 4.
20
What is -c (base 13) in base 6?
-20
What is 101111 (base 2) in base 13?
38
Convert 103 (base 5) to base 13.
22
1 (base 9) to base 3
1
What is 8 (base 16) in base 9?
8
Convert -3 (base 11) to base 9.
-3
Convert 0 (base 16) to base 15.
0
Convert 23 (base 11) to base 9.
27
What is -3 (base 5) in base 13?
-3
What is 10 (base 4) in base 5?
4
Convert -10 (base 4) to base 8.
-4
Convert -66 (base 8) to base 9.
-60
What is 2 (base 16) in base 9?
2
Convert 43 (base 15) to base 13.
4b
10 (base 14) to base 15
e
What is 2 (base 3) in base 13?
2
154 (base 7) to base 12
74
Convert 6 (base 16) to base 14.
6
What is 65 (base 10) in base 16?
41
Convert 7 (base 13) to base 2.
111
What is -30 (base 4) in base 10?
-12
65 (base 7) to base 9
52
What is 7 (base 16) in base 5?
12
29 (base 10) to base 7
41
1001 (base 3) to base 10
28
-11 (base 7) to base 13
-8
Convert -14 (base 14) to base 15.
-13
Convert 2 (base 10) to base 7.
2
What is c3 (base 13) in base 3?
12220
What is 1 (base 11) in base 5?
1
Convert -49 (base 14) to base 16.
-41
Convert -5 (base 11) to base 2.
-101
What is 3 (base 15) in base 7?
3
What is 1 (base 14) in base 7?
1
What is 3 (base 7) in base 13?
3
What is 1111010 (base 2) in base 5?
442
Convert 52 (base 6) to base 8.
40
Convert -100 (base 2) to base 16.
-4
Convert -9d (base 14) to base 13.
-a9
Convert 2223 (base 4) to base 7.
333
What is 0 (base 13) in base 11?
0
3 (base 4) to base 11
3
Convert -132 (base 8) to base 5.
-330
Convert -5 (base 12) to base 10.
-5
What is 4 (base 12) in base 16?
4
Convert -20 (base 5) to base 10.
-10
5 (base 8) to base 11
5
What is 32 (base 12) in base 13?
2c
What is 99 (base 12) in base 4?
1311
What is -2 (base 15) in base 12?
-2
-3 (base 6) to base 11
-3
Convert -20 (base 7) to base 9.
-15
1 (base 15) to base 14
1
Convert 1020 (base 3) to base 10.
33
Convert -100 (base 5) to base 9.
-27
1 (base 15) to base 13
1
Convert 10000 (base 3) to base 7.
144
Convert -102 (base 3) to base 13.
-b
-a (base 14) to base 2
-1010
What is 6 (base 14) in base 6?
10
Convert 0 (base 11) to base 7.
0
-56 (base 7) to base 8
-51
Convert -7a (base 15) to base 12.
-97
5 (base 15) to base 7
5
Convert 1 (base 15) to base 3.
1
-49 (base 14) to base 8
-101
What is 4 (base 16) in base 3?
11
1101111 (base 2) to base 8
157
-10 (base 11) to base 3
-102
What is -2 (base 13) in base 15?
-2
-5 (base 7) to base 10
-5
-110100 (base 2) to base 4
-310
Convert -11003 (base 4) to base 2.
-101000011
-2 (base 11) to base 3
-2
What is 5 (base 8) in base 3?
12
What is 125 (base 7) in base 15?
48
What is 13 (base 14) in base 9?
18
-108 (base 11) to base 12
-a9
What is 3 (base 10) in base 12?
3
1e (base 16) to base 2
11110
What is 1 (base 5) in base 14?
1
132 (base 4) to base 6
50
Convert 4 (base 8) to base 10.
4
Convert 4 (base 14) to base 8.
4
-90 (base 13) to base 7
-225
132 (base 6) to base 3
2002
Convert -10 (base 3) to base 8.
-3
Convert -26 (base 10) to base 11.
-24
What is 21 (base 9) in base 2?
10011
Convert -15 (base 14) to base 8.
-23
5 (base 8) to base 14
5
What is -34 (base 12) in base 9?
-44
Convert 1111 (base 2) to base 11.
14
What is -14 (base 8) in base 5?
-22
Convert -44 (base 14) to base 8.
-74
-51 (base 10) to base 13
-3c
What is 104 (base 5) in base 4?
131
What is 5 (base 11) in base 2?
101
What is -1 (base 12) in base 16?
-1
Convert -2 (base 7) to base 4.
-2
What is -2f (base 16) in base 15?
-32
Convert -42 (base 15) to base 9.
-68
Convert 2 (base 16) to base 8.
2
-19 (base 15) to base 6
-40
-15 (base 7) to base 3
-110
Convert 73 (base 12) to base 10.
87
Convert -2 (base 14) to base 2.
-10
What is -200 (base 4) in base 16?
-20
What is 0 (base 4) in base 14?
0
-25 (base 14) to base 15
-23
-4a (base 14) to base 15
-46
What is 4 (base 16) in base 3?
11
Convert -8 (base 13) to base 16.
-8
Convert 2 (base 4) to base 8.
2
-6 (base 9) to base 5
-11
What is 4 (base 11) in base 2?
100
What is 126 (base 8) in base 14?
62
Convert -160 (base 11) to base 8.
-273
206 (base 11) to base 12
188
What is 22 (base 4) in base 8?
12
-68 (base 10) to base 14
-4c
-114 (base 5) to base 13
-28
What is -2 (base 3) in base 2?
-10
What is -123 (base 6) in base 14?
-39
What is 1 (base 10) in base 2?
1
What is 1011 (base 2) in base 6?
15
Convert 0 (base 6) to base 11.
0
-91 (base 11) to base 9
-121
26 (base 15) to base 7
51
-52 (base 15) to base 9
-85
Convert -10022 (base 3) to base 10.
-89
What is 222 (base 4) in base 6?
110
Convert 27 (base 13) to base 5.
113
3 (base 10) to base 7
3
What is -77 (base 13) in base 7?
-200
Convert -263 (base 7) to base 14.
-a3
What is -312 (base 6) in base 9?
-138
3 (base 4) to base 11
3
-5 (base 11) to base 13
-5
What is -2 (base 3) in base 13?
-2
5 (base 12) to base 7
5
What is -1c (base 13) in base 7?
-34
-1 (base 14) to base 11
-1
What is -2 (base 3) in base 11?
-2
-13 (base 4) to base 3
-21
What is -1b (base 15) in base 11?
-24
Convert 0 (base 16) to base 12.
0
-1e (base 16) to base 5
-110
81 (base 9) to base 12
61
Convert -7 (base 14) to base 16.
-7
What is 4 (base 8) in base 16?
4
Convert -35 (base 8) to base 11.
-27
-24 (base 10) to base 7
-33
What is -1 (base 4) in base 7?
-1
Convert -2 (base 4) to base 6.
-2
What is 0 (base 5) in base 7?
0
What is 221 (base 5) in base 14?
45
What is -1 (base 10) in base 15?
-1
-5 (base 16) to base 12
-5
-110 (base 5) to base 12
-26
Convert -1 (base 6) to base 16.
-1
What is -3 (base 13) in base 2?
-11
Convert -3 (base 11) to base 12.
-3
-27 (base 11) to base 16
-1d
Convert -10 (base 9) to base 11.
-9
-2 (base 6) to base 12
-2
What is 18 (base 14) in base 11?
20
0 (base 11) to base 7
0
-3 (base 6) to base 11
-3
What is 0 (base 4) in base 11?
0
What is -1b (base 12) in base 10?
-23
What is 7 (base 9) in base 8?
7
What is 8 (base 16) in base 9?
8
Convert 110 (base 2) to base 8.
6
Convert 3 (base 14) to base 7.
3
Convert -100 (base 2) to base 5.
-4
What is 7 (base 15) in base 4?
13
Convert 110 (base 7) to base 5.
211
4 (base 9) to base 5
4
39 (base 10) to base 4
213
What is -129 (base 12) in base 10?
-177
2213 (base 4) to base 13
cb
5 (base 6) to base 9
5
What is 1 (base 5) in base 10?
1
Convert 1b (base 15) to base 8.
32
Convert -11 (base 9) to base 6.
-14
Convert -5 (base 10) to base 11.
-5
14 (base 16) to base 5
40
-5 (base 7) to base 8
-5
What is 3 (base 9) in base 7?
3
-60 (base 9) to base 15
-39
212 (base 3) to base 9
25
Convert 0 (base 10) to base 13.
0
110 (base 3) to base 13
c
What is -1112 (base 4) in base 6?
-222
50 (base 10) to base 7
101
309 (base 10) to base 8
465
4 (base 13) to base 5
4
1 (